
In base 8, what is -4052455 + -3?
-4052460
In base 8, what is -3 + 244455?
244452
In base 9, what is 15 - -87321?
87336
In base 8, what is -2 + -6117?
-6121
In base 16, what is 3 - -1980f3?
1980f6
In base 2, what is -10000010 - -1010000110001?
1001110101111
In base 13, what is -5546 - -3?
-5543
In base 4, what is 2 + 11023230?
11023232
In base 3, what is 12 - 211100122?
-211100110
In base 7, what is -141312 + -3?
-141315
In base 8, what is 1 - 3346650?
-3346647
In base 14, what is -2 + -2649?
-264b
In base 15, what is 109c - 1?
109b
In base 3, what is -11 - 111101102?
-111101120
In base 6, what is 5 - 15252041?
-15252032
In base 7, what is 365424 + 4?
365431
In base 7, what is -40414 + 2?
-40412
In base 4, what is 23111320100 + -2?
23111320032
In base 7, what is -2005 + 3?
-2002
In base 7, what is -40255 + 22?
-40233
In base 9, what is -138574 + -5?
-138580
In base 10, what is -70 - 1500?
-1570
In base 13, what is 2 + 3148?
314a
In base 3, what is -2 + -111111210?
-111111212
In base 10, what is 18994 - -2?
18996
In base 13, what is -18 + -1b00b?
-1b026
In base 10, what is 4 + 62185?
62189
In base 9, what is -372 - -83?
-278
In base 15, what is 2ae + a?
2b9
In base 13, what is -291 - 5?
-296
In base 15, what is -18 + -517?
-530
In base 13, what is 57b5 + 3?
57b8
In base 7, what is 22106 + 14?
22123
In base 6, what is 34035122 - -5?
34035131
In base 2, what is 1001100100001010110 - 1?
1001100100001010101
In base 10, what is -3 - 11621?
-11624
In base 8, what is -5 + 35255?
35250
In base 10, what is -120691 - -3?
-120688
In base 10, what is 546 - -934?
1480
In base 4, what is 1000 - 32?
302
In base 6, what is 1332 - 130?
1202
In base 16, what is 2 + -42d6e?
-42d6c
In base 15, what is -1362c - 5?
-13632
In base 11, what is 75 - -80?
145
In base 15, what is -e906 - 40?
-e946
In base 5, what is 3344222 + -10?
3344212
In base 4, what is -322 + -10223331?
-10230313
In base 8, what is 33 + -2311?
-2256
In base 2, what is 1001000000 + 11000001001?
100001001001
In base 8, what is -3 - 1046170?
-1046173
In base 9, what is -737 + -333?
-1171
In base 13, what is 17a - -202?
37c
In base 9, what is 3274536 - 5?
3274531
In base 14, what is -2d + -556?
-585
In base 13, what is 1 - -5706?
5707
In base 10, what is -436 - -13?
-423
In base 7, what is 640652 - -3?
640655
In base 6, what is -3 - 2350043?
-2350050
In base 5, what is 10 - 2312332?
-2312322
In base 6, what is 5 - 1021524?
-1021515
In base 14, what is 155979 - 1?
155978
In base 5, what is -4432324 + 11?
-4432313
In base 3, what is -101202 - -220001221?
212200012
In base 7, what is -5 - -10344?
10336
In base 14, what is 1abdb + -4?
1abd7
In base 12, what is -449750 - 0?
-449750
In base 3, what is -1021002120 - 100?
-1021002220
In base 10, what is -19466 - -285?
-19181
In base 15, what is 27 - -25?
4c
In base 6, what is 10 + 244022?
244032
In base 10, what is -6460 - 104?
-6564
In base 3, what is -221 + 111?
-110
In base 10, what is -14327 + 3?
-14324
In base 3, what is -12 - 112222001?
-112222020
In base 12, what is -675 + 1?
-674
In base 3, what is -2021100 - -2000000?
-21100
In base 3, what is 2101110 - 11101?
2020002
In base 15, what is -258ab6 + 5?
-258ab1
In base 11, what is 30399 + -3?
30396
In base 14, what is -b0d - 2b?
-b3a
In base 6, what is -224242 - -115?
-224123
In base 3, what is -1101012102 + 2?
-1101012100
In base 14, what is 6b188 - -2?
6b18a
In base 15, what is -175 - 2a5e?
-2bd4
In base 16, what is -4 + -154a9?
-154ad
In base 15, what is 0 + -2606?
-2606
In base 3, what is -2201110 - -12101?
-2112002
In base 10, what is -7 - -1091?
1084
In base 7, what is -5020 - 45?
-5065
In base 14, what is -9 - -3530?
3525
In base 13, what is -11 - -3c7a?
3c69
In base 8, what is 2630 + 43?
2673
In base 7, what is 614 - -103?
1020
In base 16, what is 0 - 135b?
-135b
In base 16, what is 13d - 26b?
-12e
In base 12, what is -10b + 1264?
1155
In base 6, what is 2 - -114510?
114512
In base 8, what is -26 - -7754?
7726
In base 9, what is 18338 + -5?
18333
In base 8, what is -4 + -275002?
-275006
In base 7, what is 116302 - 5?
116264
In base 8, what is 16 + 161101?
161117
In base 2, what is 1001110000110111101 - 1?
1001110000110111100
In base 10, what is 1 - -88910?
88911
In base 13, what is 0 + -1829?
-1829
In base 4, what is 3332 - -1002232?
1012230
In base 13, what is 8418 + 1?
8419
In base 15, what is 4 + -20c7?
-20c3
In base 12, what is 16b93 - -20?
16bb3
In base 9, what is -84708 + -16?
-84725
In base 7, what is 251 + -6404?
-6123
In base 16, what is -134a + -10?
-135a
In base 6, what is -2111410 - -5?
-2111401
In base 4, what is 3210 + -2002?
1202
In base 2, what is -10 - 111000000011000?
-111000000011010
In base 11, what is 11 + -2028?
-2017
In base 16, what is 0 + -176eb?
-176eb
In base 15, what is -775722 - 3?
-775725
In base 11, what is -6 + -4640?
-4646
In base 16, what is -54 - -966?
912
In base 9, what is -41 + -43760?
-43811
In base 5, what is 1 - 313112314?
-313112313
In base 4, what is 12000 - 10320?
1020
In base 11, what is a59 - 11?
a48
In base 14, what is 5d511 + 9?
5d51a
In base 5, what is -1 - -43241140?
43241134
In base 12, what is -44 + 27?
-19
In base 6, what is 2142 - -3251?
5433
In base 11, what is 18712 + 56?
18768
In base 7, what is 24540 + 51?
24621
In base 4, what is 1111 + -10102?
-2331
In base 7, what is 1 + 3300655?
3300656
In base 6, what is 104111 - 52?
104015
In base 5, what is -2023 + -142?
-2220
In base 12, what is -ab - 321?
-410
In base 3, what is 12022110111 - 100?
12022110011
In base 11, what is 5 + 9655a?
96564
In base 16, what is 872 + 1b0?
a22
In base 12, what is -3 + -47ab5?
-47ab8
In base 11, what is -4 - -1160?
1157
In base 5, what is 3 + 11222310?
11222313
In base 6, what is -3102 - -55404?
52302
In base 15, what is 50367 + 4?
5036b
In base 14, what is -22905 + 0?
-22905
In base 5, what is 203200 + 1?
203201
In base 6, what is 452 + -5505?
-5013
In base 13, what is -614700 + 2?
-6146cb
In base 12, what is 36 + -25b6?
-2580
In base 4, what is -13312003213 + -1?
-13312003220
In base 10, what is 3 - -410734?
410737
In base 11, what is -1 - 90473?
-90474
In base 10, what is 164 - -663?
827
In base 12, what is -25a8 + -24?
-2610
In base 6, what is -320 - -3434?
3114
In base 7, what is 36 - -5121?
5160
In base 11, what is -33 - -6708?
6685
In base 6, what is -4 + 315431?
315423
In base 6, what is -32513 + -24?
-32541
In base 8, what is -406 + 5142?
4534
In base 3, what is 222 + 1211102?
1212101
In base 4, what is 1131213 + 30?
1131303
In base 6, what is -13 + 141402?
141345
In base 16, what is -13a - -11?
-129
In base 12, what is 2391b1 + 0?
2391b1
In base 10, what is 1 - 140374?
-140373
In base 11, what is 17a8a5 - 3?
17a8a2
In base 7, what is -2451504 - -5?
-2451466
In base 12, what is 0 - -3495a3?
3495a3
In base 15, what is -4 - -5a490?
5a48b
In base 16, what is -5 - 97993?
-97998
In base 14, what is 4 - -1b91?
1b95
In base 4, what is -123 - 10123112?
-10123301
In base 16, what is 1a8 - -9a7?
b4f
In base 15, what is 1a62c + 4?
1a631
In base 15, what is 14 - a8d?
-a79
In base 7, what is -3 + 16154?
16151
In base 14, what is -6 - 104?
-10a
In base 3, what is -1220 - -121120?
112200
In base 10, what is 2 - 4532?
-4530
In base 13, what is -5 - 442b?
-4433
In base 15, what is -1a + -16bb?
-16d6
In base 2, what is 101 + 1100011010001011001?
1100011010001011110
In base 13, what is 1452 - 195?
128a
In base 6, what is 22253343 + 4?
22253351
In base 10, what is -1148 + -9?
-1157
In base 15, what is 1 + acbeb?
acbec
In base 12, what is 3 - 9240?
-9239
In base 14, what is 8 - -1377?
1381
In base 3, what is -10 + -21221211?
-21221221
In base 5, what is 2134140 + -10?
2134130
In base 7, what is 22405 + 5?
22413
In base 5, what is 4342 - -1324?
11221
In base 14, what is 6ca4 + 30?
6cd4
In base 15, what is -20a4 + 2?
-20a2
In base 13, what is -4 + -42b1?
-42b5
In base 6, what is -2 + 3213252?
3213250
In base 16, what is -1 - -4fbc?
4fbb
In base 3, what is -1102 - -1012110122?
1012102020
In base 5, what is 4122211 + 3?
4122214
In base 5, what is -23001112 - 0?
-23001112
In base 3, what is 10120 - 1102100?
-1021210
In base 11, what is -2a77 - 180?
-3147
In base 11, what is 5 + -4a39?
-4a34
In base 5, what is 20 - -13334324?
13334344
In base 9, what is 5 - -1708253?
1708258